2 - 14*z - 20. What is the remainder when g(12) is divided by 35?
30
Let z(h) be the first derivative of -h**4/4 + 5*h**3/3 + 4*h**2 - 9*h + 4. What is the remainder when 5 is divided by z(6)?
2
What is the remainder when 24 is divided by (-1 - (-2 + 0))/((-3)/(-27))?
6
Suppose 2 = 2*w - 8. Suppose -28 = -5*d + 3*j, 5*d + w*j - 13 = 7. Calculate the remainder when 13 is divided by d.
3
Let h(g) = 2*g**2 + 5*g - 5. Calculate the remainder when 53 is divided by h(3).
25
Let z = -22 - -37. Suppose -2*c - c + z = 0. Suppose c = b - 0. Calculate the remainder when 13 is divided by b.
3
Let v be (10/(-3))/(14/21). What is the remainder when 0 + 20 + 2 + v is divided by 9?
8
Suppose -2*h - 114 = 5*y, 2*h - 18 = y + 4*h. Let k = -9 - y. Suppose 5*g + 0*g - 145 = 0. Calculate the remainder when g is divided by k.
14
Let w(d) = -d**3 - 7*d**2 + 6*d + 5. Calculate the remainder when 59 is divided by w(-8).
17
Suppose 0 = -27*k + 32*k - 45. Calculate the remainder when k is divided by 7.
2
Let p = 4 + -6. Let r(m) = m**3 + 4*m**2 + 3*m + 1. What is the remainder when r(p) is divided by 1?
0
Let z(v) = v**3 - v + 11. What is the remainder when z(0) is divided by 3?
2
Let p(m) = -m**3 - m**2 + 2*m - 5. Let u(o) = 11*o + 1. What is the remainder when p(-4) is divided by u(1)?
11
Suppose 4*q - 2*q = 38. Suppose -5*i + 17 + 262 = a, 0 = 2*i - 2*a - 114. What is the remainder when i is divided by q?
18
Let f(j) = 23*j**3 - 4*j**2 + 3*j. Let d be f(2). Let g = d - 35. Suppose -4*i - 3*w + 96 = 0, 5*i - 2*w + w = g. What is the remainder when i is divided by 14?
13
Let p(n) = -n + 4. Suppose 0*y = -4*y + 16. Let u be p(y). Suppose -2*m = -u*m - 46. What is the remainder when m is divided by 8?
7
Suppose -5*h + 23 + 52 = 0. What is the remainder when h - 0/(3*-1) is divided by 2/(-9) + (-504)/(-81)?
3
Let j be (2 + (-15)/6)*4. Let f = j - -4. What is the remainder when 2 is divided by (3 - f) + (2 - 2)?
0
Let g(z) = -z**3 - 5*z**2 - 2*z + 5. Calculate the remainder when 46 - ((1 - -1) + 0) is divided by g(-5).
14
Suppose 2*t + 17 = 2*a - 23, 0 = 2*a + 5*t - 54. What is the remainder when 38 is divided by a?
16
Suppose -4*m + 69 = -11. Calculate the remainder when 58 is divided by m.
18
Let n(m) = 2*m + 31. Calculate the remainder when 137 is divided by n(8).
43
Suppose 2*s - 16 = 8. Calculate the remainder when 19 is divided by s.
7
Let x = 0 - -4. Suppose 116 = x*a - g, -5*a + 134 = -g - 12. Calculate the remainder when a is divided by 16.
14
Suppose -d - 3*z = -6*d - 85, -3*z = 4*d + 68. Let k = -15 - d. What is the remainder when 6 is divided by k?
0
Let o(g) = 3*g - 4. Let s be o(3). Let q = 36 + s. Suppose 3*y = 3*v + 123, -2*y + 3*y - q = 2*v. What is the remainder when y is divided by 21?
20
Suppose 5*g = -2*x + 8, -2*x - 3*g = -4*g - 20. Let v be 1 + (4*x - 2). Let c = -8 + v. Calculate the remainder when c is divided by 14.
13
Suppose -33 = -0*u - u. Calculate the remainder when u is divided by 12.
9
Suppose 4*b - 7 = -4*n + 3*n, 2*b - 3*n - 21 = 0. What is the remainder when b is divided by -3*4*(-2)/12?
1
Suppose 2*n + 2*d + 0*d + 16 = 0, -4*d = -n + 2. Let w be (-86)/10 - n/(-15). Let r = w + 46. Calculate the remainder when r is divided by 13.
11
Suppose 3*z + 0*z = 0, -u + 10 = -5*z. Calculate the remainder when 3 - 1 - (-1 - 26) is divided by u.
9
Let m(o) = -o**3 - 11*o**2 - 10*o + 9. Let a(q) = q**2 + 12*q - 10. Calculate the remainder when m(-10) is divided by a(-13).
0
Suppose -44 = -2*q - 4*s - s, 5*s = 3*q - 91. What is the remainder when 438/q + 4/(-18) is divided by 9?
7
Let w(x) = -x**3 + 6*x**2 - 4*x + 1. Calculate the remainder when 49 is divided by w(4).
15
Let u(o) = -3*o - 5. Let p be u(-4). Suppose -w + 11 + p = 0. What is the remainder when 34 is divided by w?
16
Let s(o) = o**2 - o + 2. Let d be s(0). Let q = 32 + d. What is the remainder when q is divided by 12?
10
Let n(t) = -t**3 + 21*t**2 + 27*t + 4. What is the remainder when n(22) is divided by 30?
24
Let x = -92 + 153. Calculate the remainder when x is divided by 16.
13
Let h(o) = o**2 + 4*o - 5. What is the remainder when h(6) is divided by 7?
6
Suppose -24 = -4*k + 3*u, k - 5*u = 3*k - 12. Calculate the remainder when 33 is divided by k.
3
Let y = -75 - -79. What is the remainder when 13 is divided by y?
1
Let n(o) = o**2 + 9*o - 5. What is the remainder when (-22)/(-2) + 24/(-8) is divided by n(-10)?
3
Suppose 0 = 2*w - 5 - 19. Let l = -4 + w. Calculate the remainder when 23 is divided by l.
7
Suppose 0*q + 3*o = -q - 5, 8 = 4*q + 5*o. Calculate the remainder when 17 is divided by q.
3
Let v(k) = 1 - 4 - 3 - 3*k + 2. What is the remainder when v(-8) is divided by 11?
9
Let m = 5 - 7. Let p = m + 6. Calculate the remainder when 10 is divided by p.
2
Suppose -3*s = -7*s - 20, 2*j = -3*s + 55. Calculate the remainder when j is divided by 9.
8
Let y(s) be the second derivative of s**5/20 - s**4/3 + s**3/2 - 3*s**2/2 + 6*s. Let z = 22 - 16. Calculate the remainder when y(4) is divided by z.
3
What is the remainder when 3 + 6 + 3 + 4 is divided by 9?
7
Suppose -3*y + 124 = 5*d, y + 0*y - 5*d = 8. What is the remainder when 96 is divided by y?
30
Let z(v) = -3*v**3 + v**2 + v + 1. Let g be z(-1). Suppose 0 = -2*m - 5*c + 103, -g*m + 199 = -c - 18. Calculate the remainder when m is divided by 14.
12
Let q(i) = i**2 + 11*i - 4. Let k(y) = y**2 + 12*y - 4. Let l(t) = -5*k(t) + 6*q(t). Calculate the remainder when l(5) is divided by 13.
12
Suppose 0 = -6*y - 61 + 217. What is the remainder when 100 is divided by y?
22
Let j = 33 - -53. Suppose 2*y - j - 8 = 0. What is the remainder when y is divided by 12?
11
Suppose -92 = -4*b + 212. What is the remainder when b is divided by 20?
16
Suppose -2*m + 5*n + 49 = 0, 7*n + 37 = m + 2*n. Suppose -i - 2 = -0. What is the remainder when (52/m)/(i/(-6)) is divided by 5?
3
Let j(c) = -c**3 + c + 8. Let u be 48 + -1 + (-4)/(-2). Suppose m + 5 = -2*f + u, -5*f - 2*m + 110 = 0. Calculate the remainder when f is divided by j(0).
6
Let c(o) be the first derivative of 2*o**2 - 12*o - 7. Let v(t) = 2*t + 1. Calculate the remainder when c(8) is divided by v(5).
9
Suppose 2*k - 33 = -y, y = -3*k + 13 + 38. Calculate the remainder when 53 is divided by k.
17
What is the remainder when 21 is divided by (15/45)/(1/27)?
3
Suppose 0 = 2*o + 3*r - r - 10, 0 = 2*o + 4*r - 20. Suppose 3*n - 2*n - 30 = o. Calculate the remainder when n is divided by 11.
8
Suppose -4*h = -26 - 286. Suppose -40 = -0*p - 2*p. What is the remainder when h is divided by p?
18
Let f = -6 + 12. What is the remainder when f is divided by 5?
1
Let b = -8 - -16. Calculate the remainder when 31 is divided by b.
7
Let q be 10*(12/(-10))/3. Let k = -1 - q. Suppose 2*g + k*g = 185. Calculate the remainder when g is divided by 13.
11
Suppose 1 + 7 = l. Suppose -6*j + 86 + 142 = 0. What is the remainder when j is divided by l?
6
Suppose 0 = -22*y + 19*y + 30. Calculate the remainder when 28 is divided by y.
8
Suppose 20 - 5 = l. What is the remainder when (1 - 7/(-2))*6 is divided by l?
12
Suppose 0 = -2*j - r + 14, -j = -5*r + 13 + 2. Calculate the remainder when 12 is divided by j.
2
Let a = 3 - 1. Let x be 2/(a + 2)*0. Suppose f - d - 35 = x, 0 = 3*f - 0*f - 5*d - 101. Calculate the remainder when f is divided by 19.
18
Suppose -59 = -4*l - 5*r, 3*l + 15 - 42 = 2*r. Let g(y) = -3*y**2 - 2*y + 2. Let z be g(3). Let i = z + 63. Calculate the remainder when i is divided by l.
10
What is the remainder when 6*(-4)/(-8) + 155 is divided by 40?
38
Suppose -2*h = 3 - 7, u = -4*h + 39. Suppose -4*a + u = -25. What is the remainder when 53 is divided by a?
11
Suppose -5*k - 83 = -3*c - 12, -2*c = 4*k - 18. What is the remainder when 32 is divided by c?
15
Let o(g) be the second derivative of -g**3/6 + 7*g**2/2 - 2*g. What is the remainder when 37 is divided by o(-6)?
11
Suppose i - 5*i = 0. Let s = 31 - 0. Calculate the remainder when s is divided by (0 - i/2) + 11.
9
Suppose 12*o - 18 = 10*o. What is the remainder when 25 is divided by o?
7
Suppose 2*w = -3*w - 15, 0 = 2*u + w - 39. Let m = 20 - 9. What is the remainder when u is divided by m?
10
Let i be 6*5/(-6)*2. Let q = 34 - 4. Let j = q - i. Calculate the remainder when j is divided by 14.
12
Suppose 4*h - 3*y - 24 = 0, -2*h - 2*h = -4*y 